remainder when b is divided by 15?
13
Let j(f) = -2 - 266*f + 262*f + 1 + 0. Let h = -5 - -1. Calculate the remainder when 28 is divided by j(h).
13
Calculate the remainder when 369/6 - ((-1)/(-2) - -1) is divided by 13.
8
Let c = -67 + 74. Let o(m) = -m**2 + 5*m + 2. What is the remainder when c is divided by o(5)?
1
Suppose 0 = 3*m - m - 186. Let n = 145 + -113. What is the remainder when m is divided by n?
29
Let k = -1 + 0. Calculate the remainder when ((-4)/8*1)/(3/(-18)) is divided by (-2)/(k/(2 - 1)).
1
Suppose 0 = p + 35 - 120. Suppose g + 100 = 4*d - 3*g, -g - p = -4*d. Calculate the remainder when 77 is divided by d.
17
Let b = 0 + 12. Calculate the remainder when 30 is divided by b.
6
Let f(c) = -c**3 - 11*c**2 - c - 8. Let v be f(-11). Suppose 0 = v*j + k - 43, 3*j + 2*k = -j + 58. What is the remainder when j is divided by 5?
4
Suppose 2*r - 5 = 17. Calculate the remainder when r is divided by 5.
1
Let p(o) = o**3 + o**2 + 3*o + 1. Suppose -4*f + 95 = 11. Let l = f - 5. Calculate the remainder when p(3) is divided by l.
14
Let w(o) = -o**3 - o**2 + o - 3. Suppose 6*d - 36 = 2*d. Let m(p) = 4*p - 1. What is the remainder when m(d) is divided by w(-3)?
11
Suppose 4*r - 115 - 17 = 0. Suppose p + 3*p = 164. Let k = -24 + p. Calculate the remainder when r is divided by k.
16
Suppose -2*r + 3*c = 69, 0 = 5*r + 2*c + 2*c + 184. Calculate the remainder when (-352)/r + 6/27 is divided by 6.
4
Let i(t) = t**3 - 4*t**2 + 6*t + 4. What is the remainder when i(3) is divided by 7?
6
Let d(h) = 21*h - 17. Calculate the remainder when d(5) is divided by 31.
26
Let a = 3 + 1. Suppose -5*h + 5 = -a*u - 19, 4*h = -3*u + 13. What is the remainder when 14 is divided by h?
2
Let j = 5 - 2. Suppose 6 = j*n - 57. Calculate the remainder when 62 is divided by n.
20
Suppose -6*x + 12 = -3*x + 4*s, x + 4*s - 4 = 0. Calculate the remainder when 21 is divided by x.
1
Let h(w) = -130*w. Let r be h(-2). Suppose -r = 2*p - 7*p. Suppose 5*b - p - 48 = 0. Calculate the remainder when b is divided by 11.
9
Suppose 10 = -6*c + 3*c - 4*x, -4*x = 16. Let j be (0 - 2 - 1) + c. What is the remainder when 164/24 + j/(-6) is divided by 3?
1
Let n(f) = 4*f - 24. Let b = 145 - 99. Calculate the remainder when b is divided by n(12).
22
Let z = -13 - -32. Let d(n) be the third derivative of -n**6/120 + 2*n**5/15 - n**4/4 + n**2. Calculate the remainder when z is divided by d(7).
5
Suppose 14*n - 4*n - 260 = 0. Calculate the remainder when n is divided by 19.
7
Suppose -7 = 3*k + 83. Calculate the remainder when 45 is divided by (108/k)/((-6)/20).
9
Suppose -5*v + 4*w + 53 = 0, -5*v + 5*w = -3*v - 11. Let g = 70 - 47. Calculate the remainder when g is divided by v.
10
Suppose -26 = 3*r - 4*r - 5*p, 0 = r + 2*p - 20. Calculate the remainder when r is divided by 6.
4
Suppose -7*b + 5*p = -3*b - 115, 4*b - 4*p = 120. Let t = b + -24. Calculate the remainder when 19 is divided by t.
8
Let c(f) be the second derivative of -f**3/6 - 3*f**2/2 - 6*f. Calculate the remainder when 2 is divided by c(-5).
0
Suppose 2*y + 5*w - 8 = -2, 2*w - 4 = -y. Calculate the remainder when 19 is divided by y.
3
Let j(d) be the second derivative of d**3/6 + 3*d. What is the remainder when 18/2*(-1 + 2) is divided by j(5)?
4
Suppose 0 = 3*s + 8 - 62. Calculate the remainder when 35 is divided by s.
17
Suppose -4*d + 71 - 23 = 0. Let g be (-1)/2*4 + -3. Let i = d + g. What is the remainder when 20 is divided by i?
6
Let v = -1 - -4. Calculate the remainder when 36 is divided by v/9 + (-38)/(-3).
10
Let n(l) = -l**3 + 20*l**2 - 15*l - 16. What is the remainder when n(19) is divided by 9?
6
What is the remainder when 58 is divided by (-2332)/(-77) + (-2)/7?
28
Suppose n - 7 + 2 = 0. What is the remainder when 55 is divided by 19/(3/(n - 2))?
17
Let g = -1 + 2. Calculate the remainder when g is divided by 1.
0
Let v(u) = -17*u + 4. Let m be v(-3). What is the remainder when (16/20)/(2/m) is divided by 6?
4
Let k = 89 - -30. What is the remainder when k is divided by 30?
29
Suppose -5*t + 6 = -9. Suppose t*a + 4*p = a - 6, 4*a + 4*p = 0. What is the remainder when a is divided by (-3 - (-4 + 5))/(-2)?
1
Let b be 3 - (8/2)/(-4). Let n = 23 + -11. Suppose -2*g = 0, b*j - j - 2*g = n. What is the remainder when 7 is divided by j?
3
Let w = 19 + 11. Calculate the remainder when 88 is divided by w.
28
Let a(u) = -u. What is the remainder when (18/4)/(22/44) is divided by a(-6)?
3
Suppose -1 - 27 = -2*i. Suppose -5*g + 5*r + 240 = 0, 0 = g + 3*g - r - 177. Let j = -16 + g. What is the remainder when j is divided by i?
13
Suppose -13 = -2*j - 2*j + x, 2*j - x - 5 = 0. Let s = 11 - -13. Suppose s = -d + j*d. Calculate the remainder when 13 is divided by d.
5
Calculate the remainder when 65 is divided by (-1 + 12)*(-1)/(7/(-14)).
21
What is the remainder when 102/4 - 1/2 is divided by 9?
7
Suppose -3*d + d = 4*u - 44, -4*u + 46 = d. What is the remainder when 45 is divided by u?
9
Let a(w) = -w - 1. Let r(i) = 115*i. Let c(h) = a(h) + r(h). What is the remainder when c(1) is divided by 29?
26
Let n(v) = 2*v**2 + 168. Let z be n(0). Let q = z + -119. Let g(w) = -3*w - 2. Calculate the remainder when q is divided by g(-5).
10
Let q = -30 + -43. Let m = q + 140. Calculate the remainder when m is divided by 17.
16
Suppose 7*l + s - 285 = 3*l, 5*s + 255 = 4*l. Let f(t) = -11*t - 185. What is the remainder when l is divided by f(-19)?
22
Suppose 36 = 3*o - 4*l, -2*o - 4*l = 3*o - 92. What is the remainder when 57 is divided by o?
9
Let v = 8 + -7. Let o be (0 + v)*(31 - 2). Let n = o - 14. Calculate the remainder when n is divided by 9.
6
Let y(q) = 5*q**2 - q - 19. Let z(d) = d**2 - 4. Let v(f) = -2*y(f) + 11*z(f). Calculate the remainder when v(4) is divided by 7.
4
Let f = 36 - 25. What is the remainder when 87 is divided by f?
10
Let k(l) = -21*l. What is the remainder when k(-3) is divided by 22?
19
Suppose 2*m + 8 = 6*m. Suppose -5*t + 3*a + 13 = 0, 0 = -4*a + 18 - 2. What is the remainder when t is divided by m?
1
Let n(l) = -l**3 + 7*l**2 + l - 4. Suppose 2*w - 17 + 1 = 0. What is the remainder when w is divided by n(7)?
2
Suppose 20*p - 17*p = 141. What is the remainder when p is divided by 13?
8
Let r(j) = -j**3 + 5*j**2 - 3*j. Let w be r(5). Let h = -2 - w. What is the remainder when 50 is divided by h?
11
Suppose -4*l = -3*l + 2*u - 11, u = 3*l - 5. Suppose -2 = -5*i - 3*c, 0*i - 3*c - 2 = i. What is the remainder when l is divided by i?
0
Suppose -v + 4*i = -17, -3*i = -0*i + 3. Suppose -5*h + 2*f + 54 = -3*h, -5*h + f + 123 = 0. Calculate the remainder when h is divided by v.
11
Suppose -4 - 20 = -4*r. Let v(n) = -n**3 + 8*n**2 - 7*n - 4. Suppose 3*o - 34 = -7. Calculate the remainder when v(r) is divided by o.
8
What is the remainder when (2 - 5)/((-2)/22) is divided by 9?
6
Let r be (-3 + 5)*(-2)/(-4). Suppose 4*h + r - 29 = 0. What is the remainder when 80/6 - (-2)/(-6) is divided by h?
6
What is the remainder when 35 is divided by 24/(-60)*(-30 - 0)?
11
Let u(h) = h. Let r = 0 + 6. Let s be u(r). Suppose 2*z - 100 = -4*g + s*z, 4*z = -4*g + 76. Calculate the remainder when g is divided by 12.
10
Let a = 0 + 13. Suppose 0 = -3*m + 46 - 13. Let n(s) = s**2 - 8*s + 16. What is the remainder when n(m) is divided by a?
10
Let r(a) = 12*a**2 - 4*a - 4. Calculate the remainder when r(-2) is divided by 9.
7
Suppose 4*v = -8, j = -3*j - 3*v - 14. Calculate the remainder when (-11)/(-4)*(-8)/j is divided by 3.
2
Suppose -r = -38 + 22. Calculate the remainder when 23 is divided by r.
7
Suppose 4*v + 4 = 76. Let k be (-44)/2 - (-4)/(-2). Let n = k + 34. What is the remainder when v is divided by n?
8
Suppose -18 = -2*x - 2*g, -6 = 2*x + g - 20. Suppose 4*m + 74 = 4*u + 2*m, -94 = -5*u + 4*m. Calculate the remainder when u is divided by x.
3
Suppose 2*j - 56 = -6*j. What is the remainder when 13 is divided by j?
6
Let p = 183 + -123. What is the remainder when p is divided by 16?
12
Let j(m) = -m**3 - 11*m**2 - 14*m - 21. Calculate the remainder when j(-11) is divided by 34.
31
Let b(u) = -3*u + 11. What is the remainder when 19 is divided by b(0)?
8
Let o be (-2)/(-7)*-1*-7. Suppose 3*s - 8 = -o*z + 5*s, z = 5*s - 8. Suppose -3*u = -2*a - a - 33, 2*a = u - z. Calculate the remainder when 28 is divided by u.
13
L